 the hundreds digit of 4500969?
9
What is the ten millions digit of 11703640?
1
What is the thousands digit of 5860021?
0
What is the hundreds digit of 4927990?
9
What is the thousands digit of 3180821?
0
What is the thousands digit of 624440?
4
What is the ten millions digit of 22592797?
2
What is the tens digit of 6188636?
3
What is the ten thousands digit of 371695?
7
What is the units digit of 1221?
1
What is the thousands digit of 1603992?
3
What is the units digit of 578447?
7
What is the units digit of 471814?
4
What is the hundred thousands digit of 12101076?
1
What is the ten thousands digit of 98706?
9
What is the hundred thousands digit of 121347?
1
What is the ten thousands digit of 130761?
3
What is the tens digit of 356632?
3
What is the thousands digit of 29325311?
5
What is the ten thousands digit of 428888?
2
What is the ten thousands digit of 3149737?
4
What is the hundreds digit of 1723982?
9
What is the ten thousands digit of 308113?
0
What is the millions digit of 6845035?
6
What is the tens digit of 2081920?
2
What is the hundreds digit of 5559216?
2
What is the tens digit of 3166045?
4
What is the tens digit of 2482538?
3
What is the thousands digit of 2644728?
4
What is the thousands digit of 4807964?
7
What is the tens digit of 4100773?
7
What is the ten thousands digit of 651998?
5
What is the hundred thousands digit of 4101762?
1
What is the units digit of 5154051?
1
What is the thousands digit of 1468999?
8
What is the hundred thousands digit of 108778?
1
What is the units digit of 5275263?
3
What is the hundreds digit of 383999?
9
What is the ten thousands digit of 170963?
7
What is the hundred thousands digit of 1610406?
6
What is the units digit of 328672?
2
What is the tens digit of 28221962?
6
What is the hundreds digit of 3981011?
0
What is the hundreds digit of 1424074?
0
What is the thousands digit of 2156734?
6
What is the units digit of 358788?
8
What is the ten thousands digit of 4033883?
3
What is the ten thousands digit of 293743?
9
What is the units digit of 6847463?
3
What is the hundred thousands digit of 2952307?
9
What is the units digit of 253160?
0
What is the tens digit of 622454?
5
What is the ten thousands digit of 5634638?
3
What is the thousands digit of 3310037?
0
What is the thousands digit of 12459?
2
What is the hundred thousands digit of 201302?
2
What is the ten thousands digit of 1249997?
4
What is the ten thousands digit of 806556?
0
What is the units digit of 571819?
9
What is the millions digit of 6423631?
6
What is the hundreds digit of 322145?
1
What is the hundred thousands digit of 1253720?
2
What is the hundreds digit of 8962499?
4
What is the thousands digit of 6440813?
0
What is the hundred thousands digit of 873061?
8
What is the hundred thousands digit of 1372652?
3
What is the ten thousands digit of 705591?
0
What is the ten thousands digit of 4883425?
8
What is the hundreds digit of 13025688?
6
What is the ten thousands digit of 707131?
0
What is the units digit of 155331?
1
What is the units digit of 3066186?
6
What is the hundreds digit of 416205?
2
What is the hundreds digit of 226734?
7
What is the hundreds digit of 388078?
0
What is the thousands digit of 3688627?
8
What is the units digit of 986009?
9
What is the hundreds digit of 9937664?
6
What is the tens digit of 2082898?
9
What is the millions digit of 10460374?
0
What is the hundreds digit of 32057202?
2
What is the hundred thousands digit of 211507?
2
What is the hundred thousands digit of 880181?
8
What is the ten thousands digit of 327194?
2
What is the thousands digit of 117948?
7
What is the ten thousands digit of 351119?
5
What is the millions digit of 3144687?
3
What is the tens digit of 299293?
9
What is the tens digit of 7438987?
8
What is the units digit of 24867057?
7
What is the ten thousands digit of 7880504?
8
What is the hundreds digit of 2161495?
4
What is the ten millions digit of 22820414?
2
What is the hundred thousands digit of 123565?
1
What is the tens digit of 24742002?
0
What is the tens digit of 797918?
1
What is the hundred thousands digit of 237499?
2
What is the millions digit of 39822923?
9
What is the tens digit of 186146?
4
What is the thousands digit of 292846?
2
What is the ten thousands digit of 386111?
8
What is the units digit of 1822361?
1
What is the thousands digit of 2218568?
8
What is the units digit of 44754?
4
What is the hundred thousands digit of 5340370?
3
What is the hundred thousands digit of 11265007?
2
What is the hundred thousands digit of 310665?
3
What is the units digit of 1112891?
1
What is the units digit of 2745201?
1
What is the ten thousands digit of 1208799?
0
What is the hundred thousands digit of 7161261?
1
What is the tens digit of 764636?
3
What is the units digit of 57287?
7
What is the ten thousands digit of 2686413?
8
What is the hundred thousands digit of 164574?
1
What is the hundreds digit of 2048878?
8
What is the millions digit of 6274339?
6
What is the hundred thousands digit of 7558748?
5
What is the hundred thousands digit of 275014?
2
What is the units digit of 3139988?
8
What is the ten thousands digit of 2971886?
7
What is the ten thousands digit of 49675?
4
What is the tens digit of 8099157?
5
What is the hundreds digit of 4764202?
2
What is the hundred thousands digit of 11169157?
1
What is the hundreds digit of 5557581?
5
What is the ten thousands digit of 97277?
9
What is the ten thousands digit of 159636?
5
What is the ten thousands digit of 161490?
6
What is the millions digit of 1173780?
1
What is the units digit of 9820807?
7
What is the hundred thousands digit of 20152042?
1
What is the hundreds digit of 1504951?
9
What is the hundred thousands digit of 4059733?
0
What is the units digit of 381677?
7
What is the hundred thousands digit of 479908?
4
What is the ten thousands digit of 5125914?
2
What is the ten thousands digit of 799766?
9
What is the hundreds digit of 642963?
9
What is the tens digit of 1821655?
5
What is the units digit of 5560617?
7
What is the ten thousands digit of 9936838?
3
What is the thousands digit of 995916?
5
What is the thousands digit of 769807?
9
What is the thousands digit of 1949603?
9
What is the thousands digit of 1451940?
1
What is the thousands digit of 122595?
2
What is the hundreds digit of 468628?
6
What is the ten thousands digit of 13833951?
3
What is the hundred thousands digit of 306059?
3
What is the hundreds digit of 7368184?
1
What is the ten thousands digit of 986128?
8
What is the ten thousands digit of 8727053?
2
What is the hundreds digit of 448468?
4
What is the thousands digit of 587730?
7
What is the units digit of 191225?
5
What is the units digit of 950516?
6
What is the hundreds digit of 372364?
3
What is the hundred thousands digit of 2230467?
2
What is the tens digit of 21777847?
4
What is the tens digit of 3289?
8
What is the ten millions digit of 14011138?
1
What is the units digit of 4201933?
3
What is the thousands digit of 114774?
4
What is the tens digit of 11264?
6
What is the hundred thousands digit of 334990?
3
What is the millions digit of 3671846?
3
What is the units digit of 301742?
2
What is the units digit of 1603732?
2
What is the units digit of 329269?
9
What is the ten thousands digit of 792608?
9
What is the tens digit of 1526645?
4
What is the units digit of 2306840?
0
What is the hundred thousands digit of 6629325?
6
What is the units digit of 1710213?
3
What is the thousands digit of 430225?
0
What is the ten thousands digit of 335006?
3
What is the ten thousands digit of 9398407?
9
What is the units digit of 28445980?
0
What is the thousands digit of 30885338?
5
What is the hundreds digit of 584100?
1
What is the hundreds digit of 60226?
2
What is the units digit of 1760941?
1
What is the hundreds digit of 28565814?
8
What is the hundred thousands digit of 612629?
6
What is the units digit of 343318?
8
What is the tens digit of 223086?
8
What is the tens digit of 384019?
1
What is the ten thousands digit of 531565?
3
What is the thousands digit of 22035251?
5
What is the hundred thousands digit of 4213569?
2
What is the thousands digit of 3666876?
6
What is the units digit of 260132?
2
What is the ten thousands digit of 936622?
3
What is th